n divisor of 728 and 162552.
104
What is the greatest common divisor of 552585 and 110?
55
What is the greatest common factor of 18 and 8766?
18
Calculate the greatest common divisor of 1385 and 613001.
277
Calculate the highest common factor of 54420 and 180.
60
Calculate the greatest common factor of 2556 and 776882.
142
Calculate the highest common divisor of 5872 and 53215.
367
What is the highest common factor of 91327 and 14491?
337
Calculate the greatest common divisor of 68700 and 1875.
75
Calculate the greatest common divisor of 123740 and 2300.
460
What is the highest common divisor of 7 and 51?
1
What is the greatest common divisor of 3014 and 193718?
274
Calculate the greatest common divisor of 2628 and 1152.
36
What is the highest common divisor of 2123 and 649?
11
Calculate the highest common divisor of 555333 and 111.
111
What is the greatest common divisor of 13112 and 16?
8
Calculate the greatest common divisor of 272 and 7184.
16
Calculate the greatest common factor of 14368 and 1376.
32
What is the highest common factor of 813570 and 6?
6
What is the greatest common factor of 7257735 and 555?
555
What is the highest common divisor of 429896 and 493?
493
What is the greatest common divisor of 46020 and 2418?
78
What is the highest common divisor of 49205 and 6305?
65
What is the greatest common divisor of 4384 and 136?
8
What is the greatest common divisor of 3492 and 936729?
873
What is the greatest common divisor of 204 and 161364?
204
Calculate the greatest common factor of 19142 and 3468.
34
Calculate the greatest common divisor of 99 and 29777.
11
What is the greatest common divisor of 21 and 441483?
21
What is the highest common factor of 214 and 579405?
107
Calculate the greatest common factor of 706303 and 533.
13
What is the highest common divisor of 4566 and 768?
6
Calculate the greatest common factor of 90 and 3888930.
30
What is the highest common factor of 1492210 and 3270?
1090
What is the greatest common divisor of 46211 and 297?
11
What is the highest common factor of 2904 and 8272?
88
Calculate the greatest common factor of 66319 and 121.
11
What is the highest common factor of 598 and 234?
26
Calculate the greatest common factor of 38129 and 91.
91
What is the greatest common divisor of 583400 and 2400?
200
Calculate the greatest common divisor of 7 and 925687.
7
Calculate the highest common factor of 1459002 and 6.
6
What is the greatest common factor of 2 and 345014?
2
Calculate the greatest common factor of 141936 and 1488.
48
Calculate the highest common factor of 363 and 1738770.
363
Calculate the highest common factor of 5511 and 8350.
167
Calculate the highest common divisor of 22 and 131.
1
What is the greatest common factor of 80 and 166655?
5
Calculate the highest common divisor of 39 and 22074.
39
Calculate the greatest common factor of 364 and 3978.
26
What is the greatest common factor of 100368 and 144?
144
What is the greatest common factor of 1548 and 13244?
172
What is the greatest common divisor of 9983 and 1139?
67
What is the greatest common factor of 17160 and 373560?
1320
Calculate the highest common factor of 1922 and 341.
31
What is the highest common factor of 3871 and 9796?
79
Calculate the greatest common factor of 13 and 2483.
13
What is the highest common factor of 21696 and 24?
24
What is the highest common divisor of 7776 and 3056?
16
Calculate the greatest common factor of 107646 and 19173.
231
What is the greatest common divisor of 2125074 and 1596?
798
Calculate the highest common divisor of 124 and 90892.
124
What is the highest common factor of 78 and 172952?
26
What is the greatest common factor of 72 and 673200?
72
What is the highest common divisor of 138 and 109296?
138
What is the greatest common divisor of 930994 and 3404?
1702
Calculate the greatest common factor of 45 and 17565.
15
Calculate the highest common divisor of 311 and 17105.
311
What is the highest common factor of 1785 and 150570?
105
Calculate the greatest common factor of 33725 and 76.
19
Calculate the greatest common divisor of 655366 and 844.
422
What is the highest common factor of 6632 and 8?
8
Calculate the greatest common divisor of 129 and 214269.
129
What is the greatest common divisor of 36 and 345564?
36
What is the greatest common divisor of 107008 and 22?
22
Calculate the highest common divisor of 48681 and 769881.
1803
Calculate the greatest common divisor of 21 and 625121.
7
Calculate the highest common factor of 3444 and 448.
28
What is the greatest common factor of 473735 and 10?
5
Calculate the greatest common factor of 143 and 37609.
143
What is the highest common factor of 104 and 2860?
52
What is the highest common factor of 1 and 208001?
1
Calculate the greatest common divisor of 981 and 729.
9
Calculate the greatest common divisor of 1119396 and 48.
12
What is the highest common factor of 3082 and 2948?
134
Calculate the greatest common divisor of 54990 and 2860.
130
Calculate the greatest common factor of 325 and 25675.
325
Calculate the highest common factor of 23772 and 5124.
84
What is the highest common factor of 4370 and 170?
10
Calculate the highest common divisor of 472 and 206028.
236
What is the greatest common divisor of 108 and 6939?
27
What is the greatest common factor of 20831 and 259?
37
Calculate the greatest common factor of 53751 and 529.
23
Calculate the greatest common divisor of 18376 and 176.
8
Calculate the greatest common factor of 845 and 25285.
65
Calculate the highest common divisor of 562886 and 862.
862
What is the highest common factor of 27522 and 957?
33
What is the greatest common factor of 618 and 5974?
206
What is the greatest common factor of 132 and 136158?
66
What is the highest common factor of 32 and 12688?
16
What is the greatest common factor of 528 and 2053832?
88
What is the greatest common divisor of 38311 and 65?
13
What is the highest common divisor of 106774 and 37036?
394
What is the greatest common divisor of 269775 and 9?
9
Calculate the greatest common factor of 37345 and 297.
11
Calculate the highest common factor of 1754960 and 160.
80
Calculate the greatest common divisor of 9 and 261081.
9
What is the highest common factor of 7684 and 20?
4
What is the highest common factor of 815 and 625?
5
What is the highest common factor of 52 and 57967?
13
Calculate the highest common factor of 126 and 110166.
42
What is the greatest common divisor of 2090 and 61930?
110
What is the greatest common divisor of 2086 and 2702?
14
Calculate the greatest common factor of 2535 and 87035.
845
Calculate the greatest common divisor of 156 and 51168.
156
Calculate the greatest common divisor of 57540 and 180.
60
What is the highest common divisor of 285846 and 284?
142
Calculate the highest common factor of 50336 and 418.
22
What is the highest common factor of 1002150 and 450?
450
What is the greatest common factor of 4338 and 68444?
482
What is the highest common factor of 914 and 20631722?
914
Calculate the greatest common factor of 2640 and 39.
3
Calculate the greatest common factor of 1263 and 831.
3
What is the highest common divisor of 312 and 816?
24
Calculate the highest common factor of 7632840 and 48.
24
Calculate the greatest common factor of 342 and 3362.
2
What is the highest common divisor of 288 and 15444864?
288
What is the greatest common divisor of 33 and 19415?
11
What is the greatest common factor of 175130 and 2490?
830
What is the greatest common factor of 532 and 1701868?
532
What is the greatest common divisor of 70560 and 3234?
294
What is the highest common divisor of 3616 and 256?
32
Calculate the greatest common divisor of 10850 and 31.
31
What is the greatest common factor of 30 and 5118?
6
Calculate the greatest common factor of 153 and 52071.
51
What is the highest common divisor of 119 and 4454?
17
What is the greatest common factor of 217145 and 1902?
317
Calculate the greatest common factor of 3952 and 8944.
208
Calculate the highest common divisor of 36 and 1032.
12
What is the greatest common divisor of 351608 and 8?
8
Calculate the highest common factor of 91349 and 501.
167
What is the greatest common factor of 480 and 147520?
160
What is the greatest common divisor of 17798 and 44?
22
What is the high